?
14
Calculate the remainder when 10667 is divided by 5315.
37
What is the remainder when 4871 is divided by 1136?
327
Calculate the remainder when 16070 is divided by 35.
5
Calculate the remainder when 23058 is divided by 2096.
2
Calculate the remainder when 15536 is divided by 420.
416
What is the remainder when 3742 is divided by 197?
196
What is the remainder when 1061563 is divided by 14154?
13
Calculate the remainder when 113007 is divided by 2756.
11
Calculate the remainder when 2284 is divided by 160.
44
What is the remainder when 2130 is divided by 1697?
433
Calculate the remainder when 905 is divided by 79.
36
What is the remainder when 3595194 is divided by 202?
200
Calculate the remainder when 3188 is divided by 82.
72
What is the remainder when 2588 is divided by 287?
5
Calculate the remainder when 5754 is divided by 191.
24
What is the remainder when 994 is divided by 325?
19
What is the remainder when 68117 is divided by 148?
37
What is the remainder when 182525 is divided by 57?
11
What is the remainder when 53470 is divided by 26733?
4
Calculate the remainder when 375 is divided by 76.
71
What is the remainder when 7810 is divided by 169?
36
Calculate the remainder when 41420 is divided by 784.
652
What is the remainder when 387102 is divided by 561?
12
Calculate the remainder when 94537 is divided by 194.
59
What is the remainder when 1256 is divided by 197?
74
Calculate the remainder when 5793 is divided by 5778.
15
Calculate the remainder when 703676 is divided by 583.
578
Calculate the remainder when 5625 is divided by 1119.
30
Calculate the remainder when 4522 is divided by 753.
4
Calculate the remainder when 9304 is divided by 4639.
26
What is the remainder when 6895 is divided by 2166?
397
Calculate the remainder when 12982 is divided by 2596.
2
Calculate the remainder when 4063 is divided by 724.
443
What is the remainder when 1971023 is divided by 29?
9
What is the remainder when 3672 is divided by 57?
24
What is the remainder when 407091 is divided by 434?
433
Calculate the remainder when 9286407 is divided by 296.
295
What is the remainder when 65716 is divided by 21798?
322
Calculate the remainder when 15950 is divided by 482.
44
Calculate the remainder when 179720 is divided by 11232.
8
What is the remainder when 22808 is divided by 3257?
9
What is the remainder when 2349 is divided by 2338?
11
Calculate the remainder when 1092 is divided by 1076.
16
What is the remainder when 187859 is divided by 29?
26
What is the remainder when 39753 is divided by 83?
79
What is the remainder when 243855 is divided by 890?
885
Calculate the remainder when 35720 is divided by 93.
8
Calculate the remainder when 257773 is divided by 39.
22
Calculate the remainder when 1434 is divided by 1383.
51
Calculate the remainder when 127601 is divided by 186.
5
What is the remainder when 4767 is divided by 1563?
78
What is the remainder when 22603 is divided by 5649?
7
Calculate the remainder when 816865 is divided by 204209.
29
What is the remainder when 84674 is divided by 11?
7
Calculate the remainder when 28840 is divided by 1814.
1630
What is the remainder when 1056 is divided by 323?
87
Calculate the remainder when 15512 is divided by 620.
12
Calculate the remainder when 14025 is divided by 19.
3
Calculate the remainder when 14370 is divided by 2050.
20
What is the remainder when 6701537 is divided by 20?
17
What is the remainder when 607724 is divided by 24?
20
What is the remainder when 1140637 is divided by 26?
17
What is the remainder when 173320 is divided by 32?
8
Calculate the remainder when 1522 is divided by 371.
38
Calculate the remainder when 58028 is divided by 43.
21
Calculate the remainder when 2605 is divided by 16.
13
Calculate the remainder when 1994666 is divided by 9.
5
What is the remainder when 41477 is divided by 152?
133
What is the remainder when 66087 is divided by 124?
119
Calculate the remainder when 9022 is divided by 751.
10
Calculate the remainder when 73697 is divided by 38.
15
Calculate the remainder when 2902 is divided by 2584.
318
What is the remainder when 246742 is divided by 246723?
19
Calculate the remainder when 8416 is divided by 201.
175
What is the remainder when 5195 is divided by 493?
265
What is the remainder when 531 is divided by 17?
4
Calculate the remainder when 2600 is divided by 1052.
496
Calculate the remainder when 1941463 is divided by 1874.
1873
Calculate the remainder when 3975 is divided by 986.
31
Calculate the remainder when 2386 is divided by 774.
64
What is the remainder when 9378 is divided by 3107?
57
Calculate the remainder when 1739 is divided by 65.
49
Calculate the remainder when 113994 is divided by 456.
450
Calculate the remainder when 12280 is divided by 2454.
10
What is the remainder when 642 is divided by 183?
93
Calculate the remainder when 4339 is divided by 18.
1
Calculate the remainder when 86654 is divided by 140.
134
Calculate the remainder when 8129 is divided by 740.
729
Calculate the remainder when 1833597 is divided by 960.
957
What is the remainder when 688425 is divided by 18?
15
What is the remainder when 288594 is divided by 1228?
14
Calculate the remainder when 83326 is divided by 103.
102
What is the remainder when 7686 is divided by 117?
81
What is the remainder when 6898 is divided by 454?
88
Calculate the remainder when 63537 is divided by 90.
87
Calculate the remainder when 847316 is divided by 8.
4
What is the remainder when 13300 is divided by 4423?
31
Calculate the remainder when 14833 is divided by 450.
433
Calculate the remainder when 602 is divided by 114.
32
Calculate the remainder when 282 is divided by 134.
14
What is the remainder when 76979 is divided by 122?
119
What is the remainder when 552479 is divided by 19?
16
What is the remainder when 6626713 is divided by 47?
42
Calculate the remainder when 826200 is divided by 1215.
0
Calculate the remainder when 4437 is divided by 351.
225
What is the remainder when 73544 is divided by 161?
128
What is the remainder when 215246 is divided by 30?
26
Calculate the remainder when 933 is divided by 95.
78
What is the remainder when 1978 is divided by 983?
12
What is the remainder when 66859 is divided by 84?
79
Calculate the remainder when 9265 is divided by 31.
27
Calculate the remainder when 748 is divided by 477.
271
Calculate the remainder when 855 is divided by 300.
255
Calculate the remainder when 162749 is divided by 162738.
11
Calculate the remainder when 508198 is divided by 29892.
34
What is the remainder when 2957 is divided by 118?
7
Calculate the remainder when 988 is divided by 30.
28
Calculate the remainder when 25361 is divided by 519.
449
What is the remainder when 289430 is divided by 184?
182
Calculate the remainder when 14635 is divided by 586.
571
What is the remainder when 146837 is divided by 36706?
13
What is the remainder when 6260 is divided by 6250?
10
Calculate the remainder when 1384 is divided by 373.
265
What is the remainder when 1160 is divided by 52?
16
What is the remainder when 4155 is divided by 2024?
107
Calculate the remainder when 149840 is divided by 11.
9
What is the remainder when 843 is divided by 39?
24
Calculate the remainder when 905819 is divided by 87.
62
What is the remainder when 71152 is divided by 18?
16
Calculate the remainder when 1155 is divided by 43.
37
Calculate the remainder when 731 is divided by 685.
46
What is the remainder when 1367519 is divided by 210?
209
Calculate the remainder when 11779 is divided by 1699.
1585
What is the remainder when 165 is divided by 76?
13
What is the remainder when 8671 is divided by 30?
1
What is the remainder when 184294 is divided by 14?
12
What is the remainder when 89484 is divided by 89?
39
Calculate the remainder when 3391 is divided by 263.
235
Calculate the remainder when 4447 is divided by 4420.
27
What is the remainder when 931 is divided by 427?
77
What is the remainder when 6825 is divided by 2102?
519
Calculate the remainder when 19711 is divided by 3808.
671
What is the remainder when 260970 is divided by 685?
670
Calculate the remainder when 5768 is divided by 957.
26
Calculate the remainder when 158189 is divided by 52719.
32
Calculate the remainder when 30499 is divided by 284